
What is the tens digit of 608612374?
7
What is the ten thousands digit of 4833906878?
0
What is the hundred thousands digit of 27541240?
5
What is the ten millions digit of 82454135?
8
What is the millions digit of 35566405?
5
What is the hundred thousands digit of 1549321221?
3
What is the tens digit of 1180595?
9
What is the hundreds digit of 948082013?
0
What is the ten millions digit of 1782411154?
8
What is the tens digit of 211355509?
0
What is the hundred millions digit of 148795391?
1
What is the billions digit of 1479101022?
1
What is the ten thousands digit of 260928866?
2
What is the ten millions digit of 140471301?
4
What is the hundred millions digit of 1067512477?
0
What is the hundreds digit of 592095754?
7
What is the millions digit of 12184141?
2
What is the millions digit of 919286212?
9
What is the hundred thousands digit of 166508937?
5
What is the hundred thousands digit of 478669447?
6
What is the ten thousands digit of 3239285795?
8
What is the millions digit of 25533094?
5
What is the units digit of 326953213?
3
What is the units digit of 219706996?
6
What is the millions digit of 325204301?
5
What is the ten millions digit of 3714847958?
1
What is the hundred thousands digit of 4244851791?
8
What is the hundreds digit of 98724832?
8
What is the tens digit of 3691256493?
9
What is the thousands digit of 731263?
1
What is the tens digit of 66276276?
7
What is the millions digit of 1551602083?
1
What is the ten millions digit of 1374329336?
7
What is the ten millions digit of 74683403?
7
What is the thousands digit of 104240006?
0
What is the hundreds digit of 406483201?
2
What is the hundreds digit of 693063593?
5
What is the units digit of 2088711500?
0
What is the tens digit of 935753748?
4
What is the hundred millions digit of 347675467?
3
What is the millions digit of 199249678?
9
What is the tens digit of 26845150?
5
What is the tens digit of 57105180?
8
What is the ten thousands digit of 87982147?
8
What is the units digit of 2070693845?
5
What is the ten millions digit of 649271703?
4
What is the hundred thousands digit of 17342578?
3
What is the hundred millions digit of 432376936?
4
What is the hundreds digit of 111934978?
9
What is the ten thousands digit of 63553313?
5
What is the tens digit of 151281193?
9
What is the ten millions digit of 336466640?
3
What is the hundred millions digit of 179209661?
1
What is the hundred thousands digit of 94520107?
5
What is the hundred thousands digit of 69536708?
5
What is the hundred thousands digit of 51365999?
3
What is the tens digit of 74110477?
7
What is the ten millions digit of 189780649?
8
What is the ten thousands digit of 1936595282?
9
What is the ten thousands digit of 1682679756?
7
What is the tens digit of 22594271?
7
What is the thousands digit of 370598081?
8
What is the thousands digit of 719307462?
7
What is the units digit of 1897019960?
0
What is the ten millions digit of 247629937?
4
What is the units digit of 41875874?
4
What is the units digit of 1566660940?
0
What is the units digit of 1868450586?
6
What is the hundreds digit of 151111549?
5
What is the ten thousands digit of 496300741?
0
What is the units digit of 230324088?
8
What is the tens digit of 93784837?
3
What is the units digit of 42122345?
5
What is the hundred millions digit of 2891702825?
8
What is the ten thousands digit of 218697779?
9
What is the tens digit of 764297119?
1
What is the tens digit of 62995339?
3
What is the tens digit of 102161961?
6
What is the billions digit of 9674485830?
9
What is the hundred millions digit of 419033495?
4
What is the ten thousands digit of 725444659?
4
What is the hundred thousands digit of 47846851?
8
What is the hundred thousands digit of 64095948?
0
What is the ten thousands digit of 133593304?
9
What is the hundred thousands digit of 202109176?
1
What is the thousands digit of 1838964904?
4
What is the ten millions digit of 3620725506?
2
What is the ten millions digit of 988360773?
8
What is the units digit of 470731901?
1
What is the millions digit of 162208823?
2
What is the tens digit of 2606140817?
1
What is the hundreds digit of 43518602?
6
What is the units digit of 278185984?
4
What is the hundreds digit of 3495453122?
1
What is the thousands digit of 419065052?
5
What is the millions digit of 172663433?
2
What is the millions digit of 263417972?
3
What is the hundred thousands digit of 68138527?
1
What is the thousands digit of 441073143?
3
What is the tens digit of 490623395?
9
What is the ten millions digit of 382206685?
8
What is the millions digit of 1721475453?
1
What is the millions digit of 1247401913?
7
What is the millions digit of 4934773?
4
What is the thousands digit of 939472704?
2
What is the units digit of 767562794?
4
What is the ten millions digit of 161334435?
6
What is the ten thousands digit of 164631406?
3
What is the ten millions digit of 2101291432?
0
What is the tens digit of 1805921951?
5
What is the ten thousands digit of 57154148?
5
What is the hundreds digit of 239794193?
1
What is the hundred millions digit of 155554900?
1
What is the thousands digit of 940800464?
0
What is the ten millions digit of 56262625?
5
What is the hundred thousands digit of 4291435516?
4
What is the ten thousands digit of 1256448415?
4
What is the hundreds digit of 66190064?
0
What is the hundred thousands digit of 5574909?
5
What is the hundreds digit of 1487836694?
6
What is the hundreds digit of 461139893?
8
What is the units digit of 36183546?
6
What is the ten millions digit of 387689695?
8
What is the tens digit of 43351326?
2
What is the hundred millions digit of 837214385?
8
What is the millions digit of 2016981601?
6
What is the ten thousands digit of 57134603?
3
What is the units digit of 18633115?
5
What is the hundreds digit of 1178189587?
5
What is the hundreds digit of 137211799?
7
What is the thousands digit of 915511902?
1
What is the hundreds digit of 35307073?
0
What is the thousands digit of 31341424?
1
What is the hundred thousands digit of 2369840842?
8
What is the thousands digit of 5513066588?
6
What is the hundreds digit of 2840655712?
7
What is the ten millions digit of 201636557?
0
What is the tens digit of 145144562?
6
What is the hundreds digit of 994934756?
7
What is the units digit of 205207348?
8
What is the ten thousands digit of 120161761?
6
What is the hundred millions digit of 2178400057?
1
What is the hundred millions digit of 4179823013?
1
What is the hundreds digit of 2770717763?
7
What is the thousands digit of 3094403035?
3
What is the units digit of 990804487?
7
What is the hundred thousands digit of 1506139268?
1
What is the tens digit of 56130099?
9
What is the units digit of 294412459?
9
What is the ten millions digit of 2856491429?
5
What is the ten thousands digit of 443204841?
0
What is the units digit of 1660369320?
0
What is the ten thousands digit of 70787613?
8
What is the thousands digit of 154834806?
4
What is the ten millions digit of 1660014274?
6
What is the hundred millions digit of 4369449063?
3
What is the units digit of 665683247?
7
What is the millions digit of 241302463?
1
What is the ten thousands digit of 429567629?
6
What is the tens digit of 121422166?
6
What is the hundred thousands digit of 718314481?
3
What is the thousands digit of 535328486?
8
What is the hundred millions digit of 122537130?
1
What is the ten thousands digit of 654020779?
2
What is the ten millions digit of 6607245300?
0
What is the ten millions digit of 83230251?
8
What is the ten thousands digit of 164988775?
8
What is the hundred thousands digit of 97859569?
8
What is the units digit of 3520627481?
1
What is the tens digit of 349918041?
4
What is the hundred millions digit of 294710063?
2
What is the millions digit of 320007614?
0
What is the units digit of 615047858?
8
What is the hundreds digit of 791846327?
3
What is the ten millions digit of 151593849?
5
What is the millions digit of 69327046?
9
What is the tens digit of 344838943?
4
What is the ten thousands digit of 27234399?
3
What is the ten thousands digit of 1045737339?
3
What is the tens digit of 55991646?
4
What is the hundreds digit of 279354161?
1
What is the hundred thousands digit of 72882120?
8
What is the hundreds di